{"id":4397,"date":"2022-09-20T13:13:34","date_gmt":"2022-09-20T13:13:34","guid":{"rendered":"https:\/\/www.bormuzik.com.tr\/?page_id=4397"},"modified":"2022-10-18T14:51:37","modified_gmt":"2022-10-18T14:51:37","slug":"proje-taahhut","status":"publish","type":"page","link":"https:\/\/www.bormuzik.com.tr\/index.php\/proje-taahhut\/","title":{"rendered":"Proje &#038; Taahh\u00fct"},"content":{"rendered":"\n<h2>Kurumlar<\/h2>\n\n\n\n<ul><li>Valilik, Kaymakaml\u0131k, Emniyet M\u00fcd.<\/li><li>Okulllar, Kolejler<\/li><li>Cami, Kilise, Sinagog, Cem Evi<\/li><li>K\u00fclt\u00fcr Merkezi<\/li><li>Clup<\/li><li>\u00dcniversite<\/li><li>Konferans Salonlar\u0131<\/li><li>Belediyeler<\/li><li>Ajans ve \u00d6zel Kurumlar<\/li><li>Fabrikalar<\/li><li>A.V.M.<\/li><li>Turistik Oteller<\/li><\/ul>\n\n\n\n<h2>Tesis \u0130\u00e7erik<\/h2>\n\n\n\n<ul><li>Canl\u0131 M\u00fczik<\/li><li>Tiyatro I\u015f\u0131k ve Dimmer Sistemleri<\/li><li>Salon Akusti\u011fi ve M\u00fc\u015ftemilat\u0131<\/li><li>Anons Sistemleri<\/li><li>Oylama Sistemi<\/li><li>Genel M\u00fczik Yay\u0131n\u0131<\/li><li>D\u00fc\u011f\u00fcn<\/li><li>Konferans Sistemleri<\/li><li>Terc\u00fcmanl\u0131k<\/li><li>DJ Perfomans<\/li><li>Simultane \u00c7eviri<\/li><li>A\u00e7\u0131l\u0131\u015f<\/li><li>T\u00f6ren<\/li><li>Kutlama<\/li><li>Sanat\u00e7\u0131 ve Orkestra Organizasyonu<\/li><\/ul>\n\n\n\n<div class=\"wp-block-jetpack-contact-form\">\n\n\n\n\n\n<\/div>\n","protected":false},"excerpt":{"rendered":"<p>Kurumlar Valilik, Kaymakaml\u0131k, Emniyet M\u00fcd. Okulllar, Kolejler Cami, Kilise, Sinagog, Cem Evi K\u00fclt\u00fcr Merkezi Clup \u00dcniversite Konferans Salonlar\u0131 Belediyeler Ajans ve \u00d6zel Kurumlar Fabrikalar A.V.M. Turistik Oteller Tesis \u0130\u00e7erik Canl\u0131 M\u00fczik Tiyatro I\u015f\u0131k ve Dimmer Sistemleri Salon Akusti\u011fi ve M\u00fc\u015ftemilat\u0131 Anons Sistemleri Oylama Sistemi Genel M\u00fczik Yay\u0131n\u0131 D\u00fc\u011f\u00fcn Konferans Sistemleri Terc\u00fcmanl\u0131k DJ Perfomans Simultane \u00c7eviri [&hellip;]<\/p>\n","protected":false},"author":1,"featured_media":0,"parent":0,"menu_order":0,"comment_status":"closed","ping_status":"closed","template":"","meta":[],"_links":{"self":[{"href":"https:\/\/www.bormuzik.com.tr\/index.php\/wp-json\/wp\/v2\/pages\/4397"}],"collection":[{"href":"https:\/\/www.bormuzik.com.tr\/index.php\/wp-json\/wp\/v2\/pages"}],"about":[{"href":"https:\/\/www.bormuzik.com.tr\/index.php\/wp-json\/wp\/v2\/types\/page"}],"author":[{"embeddable":true,"href":"https:\/\/www.bormuzik.com.tr\/index.php\/wp-json\/wp\/v2\/users\/1"}],"replies":[{"embeddable":true,"href":"https:\/\/www.bormuzik.com.tr\/index.php\/wp-json\/wp\/v2\/comments?post=4397"}],"version-history":[{"count":19,"href":"https:\/\/www.bormuzik.com.tr\/index.php\/wp-json\/wp\/v2\/pages\/4397\/revisions"}],"predecessor-version":[{"id":4864,"href":"https:\/\/www.bormuzik.com.tr\/index.php\/wp-json\/wp\/v2\/pages\/4397\/revisions\/4864"}],"wp:attachment":[{"href":"https:\/\/www.bormuzik.com.tr\/index.php\/wp-json\/wp\/v2\/media?parent=4397"}],"curies":[{"name":"wp","href":"https:\/\/api.w.org\/{rel}","templated":true}]}}