{"id":4143,"date":"2022-05-04T19:30:43","date_gmt":"2022-05-04T19:30:43","guid":{"rendered":"http:\/\/www.borpro.site\/?page_id=4143"},"modified":"2022-09-24T09:27:37","modified_gmt":"2022-09-24T09:27:37","slug":"kurumsal","status":"publish","type":"page","link":"https:\/\/www.bormuzik.com.tr\/index.php\/kurumsal\/","title":{"rendered":"Kurumsal"},"content":{"rendered":"\n<p style=\"font-size:28px\"><\/p>\n\n\n\n<p style=\"font-size:16px;font-style:normal;font-weight:500\">G\u00fcn\u00fcm\u00fczde&nbsp;M\u00fczik, E\u011flence, G\u00f6steri Ekipmanlar\u0131 End\u00fcstrisi, teknolojilerinin h\u0131zla yenilendi\u011fi ve de\u011fi\u015fti\u011fi birka\u00e7 sekt\u00f6rden biridir. Bu alanda&nbsp;arzu edilen profesyonel hizmeti sunman\u0131n \u00f6n ko\u015fulu; end\u00fcstrinin&nbsp;her alan\u0131na&nbsp;geni\u015f bak\u0131\u015f a\u00e7\u0131s\u0131 ile yakla\u015fmakt\u0131r.<\/p>\n\n\n\n<p style=\"font-size:16px;font-style:normal;font-weight:500\">Her ge\u00e7en g\u00fcn yenilenen&nbsp;bilgileri etkin \u015fekilde kullanmak; yerinde, do\u011fru se\u00e7imlerle uygun \u00fcr\u00fcnleri ve sistemleri m\u00fc\u015fterilere sa\u011flamakt\u0131r.Yukar\u0131da, kusursuz m\u00fc\u015fteri memnuniyetini sa\u011flamak amac\u0131yla s\u00f6z\u00fcn\u00fc etti\u011fimiz&nbsp;b\u00fct\u00fcn bu unsurlar\u0131 olmazsa olmaz ko\u015fullar olarak kabul ediyoruz.<\/p>\n\n\n\n<p style=\"font-size:16px;font-style:normal;font-weight:500\">Sizlere en iyi hizmeti verebilmek i\u00e7in yeni teknolojileri devaml\u0131 inceliyor, geli\u015ftiriyor ve uyguluyoruz.Bu do\u011frultuda y\u0131llard\u0131r bize g\u00f6sterilen&nbsp;ilgi ve tercih, bizler i\u00e7in en b\u00fcy\u00fck kazan\u0131md\u0131r.<\/p>\n\n\n\n<p style=\"font-size:16px;font-style:normal;font-weight:500\">Her ge\u00e7en g\u00fcn de\u011fi\u015fen ve geni\u015fleyen bu alanda, yenilenen ve giderek artan ihtiya\u00e7lar\u0131n ortaya \u00e7\u0131kt\u0131\u011f\u0131n\u0131n fark\u0131nday\u0131z. Bu ihtiya\u00e7lar\u0131n temininde, karar vermeden mutlaka bizim tecr\u00fcbemizden yararlan\u0131n.<\/p>\n\n\n\n<p style=\"font-size:26px;font-style:normal;font-weight:500\">Bor M\u00fczik, uzman m\u00fchendis ve teknik kadrosuyla m\u00fc\u015fterilerine sorunsuz, <strong>anahtar teslim<\/strong> <strong>elektrik taahh\u00fct<\/strong>,<strong> proje<\/strong>, <strong>m\u00fchendislik<\/strong>, <strong>dan\u0131\u015fmanl\u0131k<\/strong> ve <strong>m\u00fc\u015favirlik<\/strong> <strong>hizmetleri<\/strong> vermektedir.<\/p>\n\n\n\n<p style=\"font-size:24px;font-style:normal;font-weight:500\">Bor M\u00fczik olarak sanayi tesisleri, al\u0131\u015fveri\u015f merkezleri, hastaneler, oteller, toplu konutlar, i\u015f merkezleri, kongre merkezleri ve spor tesisleri gibi alanlarda faaliyet g\u00f6stermekteyiz. &nbsp;<\/p>\n\n\n\n<p style=\"font-size:24px;font-style:normal;font-weight:500\"><strong>Faaliyet Alanlar\u0131m\u0131z<\/strong><\/p>\n\n\n\n<p style=\"font-size:24px;font-style:normal;font-weight:500\">\u00b7&nbsp;&nbsp;&nbsp;&nbsp;&nbsp;&nbsp;&nbsp;&nbsp;&nbsp;Ses, I\u015f\u0131k ve G\u00f6r\u00fcnt\u00fc Sistemlerinin kurulum dan\u0131\u015fmanl\u0131\u011f\u0131, tesis ve taahh\u00fct edilmesi<\/p>\n\n\n\n<p style=\"font-size:24px;font-style:normal;font-weight:500\">\u00b7&nbsp;&nbsp;&nbsp;&nbsp;&nbsp;&nbsp;&nbsp;&nbsp;&nbsp;Tiyatro Salonlar\u0131, Konser Salonlar\u0131, Toplant\u0131 Salonlar\u0131, A\u00e7\u0131k Alan Seslendirme Sistemleri<\/p>\n\n\n\n<p style=\"font-size:24px;font-style:normal;font-weight:500\">\u00b7&nbsp;&nbsp;&nbsp;&nbsp;&nbsp;&nbsp;&nbsp;&nbsp;&nbsp;Fuar Alanlar\u0131 Elektronik Sistemleri Projelendirme<\/p>\n\n\n\n<p style=\"font-size:24px;font-style:normal;font-weight:500\">\u00b7&nbsp;&nbsp;&nbsp;&nbsp;&nbsp;&nbsp;&nbsp;&nbsp;&nbsp;A.V.M.  Genel Yay\u0131n ve Anons Sistemleri<\/p>\n\n\n\n<p style=\"font-size:24px;font-style:normal;font-weight:500\">\u00b7&nbsp;&nbsp;&nbsp;&nbsp;&nbsp;&nbsp;&nbsp;&nbsp;&nbsp;A.V.M. Canl\u0131 Performans Ekipmanlar\u0131<\/p>\n\n\n\n<p style=\"font-size:24px;font-style:normal;font-weight:500\">\u00b7&nbsp;&nbsp;&nbsp;&nbsp;&nbsp;&nbsp;&nbsp;&nbsp;&nbsp;Al\u0131\u015fveri\u015f Merkezleri Sahne Podyum-Led \u2013I\u015f\u0131k Sistemleri<\/p>\n\n\n\n<p style=\"font-size:24px;font-style:normal;font-weight:500\">\u00b7&nbsp;&nbsp;&nbsp;&nbsp;&nbsp;&nbsp;&nbsp;&nbsp;&nbsp;G\u00f6r\u00fcnt\u00fc Sistemleri Projelendirilmesi<\/p>\n\n\n\n<p style=\"font-size:24px;font-style:normal;font-weight:500\">\u00b7&nbsp;&nbsp;&nbsp;&nbsp;&nbsp;&nbsp;&nbsp;&nbsp;&nbsp;Lazer Sistemleri<\/p>\n\n\n\n<p style=\"font-size:24px;font-style:normal;font-weight:500\">\u00b7&nbsp;&nbsp;&nbsp;&nbsp;&nbsp;&nbsp;&nbsp;&nbsp;&nbsp;Simultane Sistemleri&nbsp;<\/p>\n\n\n\n<p style=\"font-size:24px;font-style:normal;font-weight:500\">\u00b7&nbsp;&nbsp;&nbsp;&nbsp;&nbsp;&nbsp;&nbsp;&nbsp;&nbsp;Video Konferans Sistemleri<\/p>\n\n\n\n<p style=\"font-size:24px;font-style:normal;font-weight:500\">\u00b7&nbsp;&nbsp;&nbsp;&nbsp;&nbsp;&nbsp;&nbsp;&nbsp;&nbsp;Genel Ses Yay\u0131n Sistemleri Projelendirme ve Uygulamalar\u0131<\/p>\n\n\n\n<p style=\"font-size:24px;font-style:normal;font-weight:500\">\u00b7&nbsp;&nbsp;&nbsp;&nbsp;&nbsp;&nbsp;&nbsp;&nbsp;&nbsp;PA Sistemleri Projelendirme ve Uygulamas\u0131<\/p>\n\n\n\n<p style=\"font-size:24px;font-style:normal;font-weight:500\">.&nbsp;&nbsp;&nbsp;&nbsp;     Ses Kay\u0131t Sistemleri Projelendirmesi ve Uygulamas\u0131<\/p>\n","protected":false},"excerpt":{"rendered":"<p>G\u00fcn\u00fcm\u00fczde&nbsp;M\u00fczik, E\u011flence, G\u00f6steri Ekipmanlar\u0131 End\u00fcstrisi, teknolojilerinin h\u0131zla yenilendi\u011fi ve de\u011fi\u015fti\u011fi birka\u00e7 sekt\u00f6rden biridir. Bu alanda&nbsp;arzu edilen profesyonel hizmeti sunman\u0131n \u00f6n ko\u015fulu; end\u00fcstrinin&nbsp;her alan\u0131na&nbsp;geni\u015f bak\u0131\u015f a\u00e7\u0131s\u0131 ile yakla\u015fmakt\u0131r. Her ge\u00e7en g\u00fcn yenilenen&nbsp;bilgileri etkin \u015fekilde kullanmak; yerinde, do\u011fru se\u00e7imlerle uygun \u00fcr\u00fcnleri ve sistemleri m\u00fc\u015fterilere sa\u011flamakt\u0131r.Yukar\u0131da, kusursuz m\u00fc\u015fteri memnuniyetini sa\u011flamak amac\u0131yla s\u00f6z\u00fcn\u00fc etti\u011fimiz&nbsp;b\u00fct\u00fcn bu unsurlar\u0131 olmazsa olmaz ko\u015fullar [&hellip;]<\/p>\n","protected":false},"author":1,"featured_media":0,"parent":0,"menu_order":0,"comment_status":"closed","ping_status":"closed","template":"","meta":[],"_links":{"self":[{"href":"https:\/\/www.bormuzik.com.tr\/index.php\/wp-json\/wp\/v2\/pages\/4143"}],"collection":[{"href":"https:\/\/www.bormuzik.com.tr\/index.php\/wp-json\/wp\/v2\/pages"}],"about":[{"href":"https:\/\/www.bormuzik.com.tr\/index.php\/wp-json\/wp\/v2\/types\/page"}],"author":[{"embeddable":true,"href":"https:\/\/www.bormuzik.com.tr\/index.php\/wp-json\/wp\/v2\/users\/1"}],"replies":[{"embeddable":true,"href":"https:\/\/www.bormuzik.com.tr\/index.php\/wp-json\/wp\/v2\/comments?post=4143"}],"version-history":[{"count":0,"href":"https:\/\/www.bormuzik.com.tr\/index.php\/wp-json\/wp\/v2\/pages\/4143\/revisions"}],"wp:attachment":[{"href":"https:\/\/www.bormuzik.com.tr\/index.php\/wp-json\/wp\/v2\/media?parent=4143"}],"curies":[{"name":"wp","href":"https:\/\/api.w.org\/{rel}","templated":true}]}}